{"id":2614,"date":"2024-02-21T14:02:10","date_gmt":"2024-02-21T13:02:10","guid":{"rendered":"https:\/\/djimn.com\/?page_id=2614"},"modified":"2024-05-27T18:51:40","modified_gmt":"2024-05-27T16:51:40","slug":"un-resumen-sobre-mi","status":"publish","type":"page","link":"https:\/\/djimn.com\/index.php\/un-resumen-sobre-mi\/","title":{"rendered":"un resumen sobre mI"},"content":{"rendered":"<div class=\"passster-form\" id=\"ps-290\">\n    <form class=\"password-form\" method=\"post\" autocomplete=\"off\" target=\"_top\">\n        <span class=\"ps-form-headline\">Privado<\/span>\n        <div class=\"ps-form-instructions-wrap\">Este contenido est\u00e1 protegido por contrase\u00f1a. Por favor, introduce una contrase\u00f1a para desbloquear el contenido.<\/div>\n        <fieldset>\n            <span class=\"ps-loader\" style=\"display:none;\"><img decoding=\"async\" src=\"https:\/\/djimn.com\/wp-content\/plugins\/content-protector\/assets\/public\/ps-loader.svg\" alt=\"\" \/><\/span>\n            <label for=\"input-ps-290\" style=\"display:none;\" class=\"passster-hidden\">Enter your password<\/label>\n            <input placeholder=\"Introduce tu contrase\u00f1a.\" type=\"password\" tabindex=\"1\" name=\"passster_password\"\n                   id=\"input-ps-290\" class=\"passster-password\" autocomplete=\"off\"\n                   data-protection-type=\"password\" data-list=\"[PASSSTER_LIST]\" data-lists=\"[PASSSTER_LISTS]\" data-area=\"[PASSSTER_AREA]\"\n                   data-protection=\"full\">\n            \n            <button name=\"submit\" type=\"submit\" class=\"passster-submit\" data-psid=\"ps-290\" data-post-id=\"2614\" data-term-id=\"0\" \n                    data-submit=\"...Checking Password\" data-redirect=\"\">Desbloquear\n            <\/button>\n            <div class=\"passster-error\"><\/div>\n        <\/fieldset>\n    <\/form>\n<\/div>\n","protected":false},"excerpt":{"rendered":"<div class=\"passster-form\" id=\"ps-290\">\n<form class=\"password-form\" method=\"post\" autocomplete=\"off\" target=\"_top\">\n        <span class=\"ps-form-headline\">Privado<\/span><\/p>\n<div class=\"ps-form-instructions-wrap\">Este contenido est\u00e1 protegido por contrase\u00f1a. Por favor, introduce una contrase\u00f1a para desbloquear el contenido.<\/div>\n<fieldset>\n            <span class=\"ps-loader\" style=\"display:none;\"><img decoding=\"async\" src=\"https:\/\/djimn.com\/wp-content\/plugins\/content-protector\/assets\/public\/ps-loader.svg\" alt=\"\" \/><\/span><br \/>\n            <label for=\"input-ps-290\" style=\"display:none;\" class=\"passster-hidden\">Enter your password<\/label><br \/>\n            <input placeholder=\"Introduce tu contrase\u00f1a.\" type=\"password\" tabindex=\"1\" name=\"passster_password\"\n                   id=\"input-ps-290\" class=\"passster-password\" autocomplete=\"off\"\n                   data-protection-type=\"password\" data-list=\"[PASSSTER_LIST]\" data-lists=\"[PASSSTER_LISTS]\" data-area=\"[PASSSTER_AREA]\"\n                   data-protection=\"full\"><\/p>\n<p>            <button name=\"submit\" type=\"submit\" class=\"passster-submit\" data-psid=\"ps-290\" data-post-id=\"2614\" data-term-id=\"0\" \n                    data-submit=\"...Checking Password\" data-redirect=\"\">Desbloquear<br \/>\n            <\/button><\/p>\n<div class=\"passster-error\"><\/div>\n<\/fieldset><\/form>\n<\/div>\n","protected":false},"author":1,"featured_media":0,"parent":0,"menu_order":3,"comment_status":"closed","ping_status":"closed","template":"","meta":{"_joinchat":[],"footnotes":""},"class_list":["post-2614","page","type-page","status-publish","hentry"],"jetpack_likes_enabled":true,"jetpack_sharing_enabled":true,"_links":{"self":[{"href":"https:\/\/djimn.com\/index.php\/wp-json\/wp\/v2\/pages\/2614","targetHints":{"allow":["GET"]}}],"collection":[{"href":"https:\/\/djimn.com\/index.php\/wp-json\/wp\/v2\/pages"}],"about":[{"href":"https:\/\/djimn.com\/index.php\/wp-json\/wp\/v2\/types\/page"}],"author":[{"embeddable":true,"href":"https:\/\/djimn.com\/index.php\/wp-json\/wp\/v2\/users\/1"}],"replies":[{"embeddable":true,"href":"https:\/\/djimn.com\/index.php\/wp-json\/wp\/v2\/comments?post=2614"}],"version-history":[{"count":14,"href":"https:\/\/djimn.com\/index.php\/wp-json\/wp\/v2\/pages\/2614\/revisions"}],"predecessor-version":[{"id":2756,"href":"https:\/\/djimn.com\/index.php\/wp-json\/wp\/v2\/pages\/2614\/revisions\/2756"}],"wp:attachment":[{"href":"https:\/\/djimn.com\/index.php\/wp-json\/wp\/v2\/media?parent=2614"}],"curies":[{"name":"wp","href":"https:\/\/api.w.org\/{rel}","templated":true}]}}